 by 2.
1
Let t(g) = -23*g - 253. What is the remainder when 1094 is divided by t(-12)?
13
Let j be ((-550)/(120/(-12)))/((-2)/(-16)). Let c = -431 + j. What is the remainder when 67 is divided by c?
4
Suppose 2*m + 4*v = 238, 3*m = -v + 3*v + 373. Suppose -13*s + 10*s = -m. Let r(y) = -y**2 + 204. What is the remainder when r(0) is divided by s?
40
Let j(t) = -t**3 - 2*t**2 + 6*t + 6. Suppose -71*s + 81*s - 650 = 0. What is the remainder when s is divided by j(-4)?
9
Let k be ((-12)/(-14))/(8/28) + 9. Suppose -3*s = 8*j - 6*j, -k = 3*s. Calculate the remainder when 93 is divided by j.
3
Let v(h) = -h**3 + 4*h + 4. Let c = 240 - 183. Suppose 34 = -y + 3*y + 4*k, 5*y - 4*k = c. What is the remainder when v(-3) is divided by y?
6
Suppose -2*p + 3*f = -21, -2*p = -0*f - 2*f - 22. Suppose 20*y - p = 16*y. Suppose -9*u = -y*u - 300. Calculate the remainder when u is divided by 26.
24
Let g(y) = -y**2 + 6*y - 8. Let r be g(3). Calculate the remainder when 98 is divided by 120/(2 - -1) - (2 + r).
24
Let t(h) = -h**3 - 33*h**2 + 42*h - 283. What is the remainder when t(-37) is divided by 15?
9
Suppose -13275 = -71*b + 10368. What is the remainder when b is divided by 99?
36
Calculate the remainder when 559 is divided by (75/(300/(-416)))/(-3 - -1).
39
Let x be (90/8)/(15/320*8). Suppose -3*g - 1150 = -4*i, x = 3*i + g - 826. What is the remainder when i is divided by 32?
30
Let z(a) = -159*a - 653. Calculate the remainder when z(-22) is divided by 130.
115
Suppose -39*q + 38*q + 4 = 0, -5*n + 4*q = 26. Let c = n + 7. Calculate the remainder when 36 is divided by c.
1
Suppose 71 = 5*g - 2*n, -2*g - n + 14 = -18. Suppose -451 = -g*l + 314. Calculate the remainder when 203 is divided by l.
50
Suppose 0 = -7*c + 2*c + q + 219, 5*c - 223 = -3*q. Let b = 46 - c. What is the remainder when (-195)/(-6) + (-2)/(2*b) is divided by 12?
8
Let o(l) = -11*l - 25. Let j(u) = 48*u + 3122. What is the remainder when o(-11) is divided by j(-64)?
46
Let q(o) = 5*o**2 - 62*o + 196. Let g = -4 - -32. Calculate the remainder when q(9) is divided by g.
15
Suppose 7*n - 10*n = -5*j + 64, 47*j + n - 660 = 0. Let y be 5*33/6*2. Suppose 3*b - 2*b = -f + y, -5*b = 0. What is the remainder when f is divided by j?
13
Suppose 13*d - 140 = -10. Suppose -94*w + 1426 = -32*w. What is the remainder when w is divided by d?
3
Let g(o) = -7 + 19*o**2 - 6*o**2 + 8*o + 41*o**2. Let j be 3*(-2)/6*-1. Calculate the remainder when g(j) is divided by 29.
26
Let p = -117 - -129. What is the remainder when 124 is divided by 260/28 - p/42?
7
Suppose -231*o = 44*o - 49225. Calculate the remainder when o is divided by 60.
59
Let k = -5778 + 5812. Calculate the remainder when 2002 is divided by k.
30
Let f(h) be the second derivative of -5*h**3/2 + 59*h**2 + 6*h + 1. Calculate the remainder when 44 - (9/(-3) - 0) is divided by f(7).
8
Let m = 1980 + -1556. What is the remainder when m is divided by 101?
20
Let s = -19 + 29. Suppose -4*h + 5*w + 583 = -384, 3 = -w. Suppose 3*x - r = h - 65, 63 = x + 5*r. Calculate the remainder when x is divided by s.
8
Let h(v) = -139*v + 1142. What is the remainder when h(-27) is divided by 136?
135
Suppose -y - 54 = -4*n, -2*y - 4*n = 19 + 53. Let w = y - -42. Suppose -2*r + 180 + 118 = w. What is the remainder when r is divided by 19?
16
Let c(j) = 3*j**2 + 4*j - 13. Suppose 17*o - 13 = 12*o + w, o + 5 = 4*w. What is the remainder when c(3) is divided by o?
2
Suppose 555*r - 668*r + 19436 = 0. What is the remainder when r is divided by 891/15 - 2/5?
54
Let s(g) = g - 7. Let l be s(7). Suppose 5*v + 255 = 4*k - 130, -291 = -3*k + 3*v. What is the remainder when k is divided by 34 + 2/(-4)*l?
32
Let m = 33487 - 33252. Calculate the remainder when 3523 is divided by m.
233
Suppose 3 = -2*g + 9. Suppose 4*a - i - g*i = 156, -i + 31 = a. Calculate the remainder when a is divided by 11.
2
Suppose -50*p = -2363 - 3337. What is the remainder when p is divided by 24?
18
Suppose 3*c - 4*d - 8 = -c, 2*c - 3*d - 6 = 0. Suppose 7*y - 4*y - 201 = c. Suppose y = 5*u + 22. Calculate the remainder when 23 is divided by u.
5
Suppose -3*v - 131 = -o, -5*o - 6*v + v = -695. Calculate the remainder when 457 is divided by o.
46
Suppose -7*t + 10*t = 360. Suppose 0*k - t = -8*k. Let h = k + -14. What is the remainder when 3 is divided by h?
0
Let r = 7 - -24. Let b = 46 - r. Suppose 0*f - 2*f + b = -u, -u + 9 = f. Calculate the remainder when 13 is divided by f.
5
Suppose -5*f + 3*f = -114. Suppose -347*g + 7370 = -12*g. Calculate the remainder when f is divided by g.
13
What is the remainder when 0 - 4/(-5) - (30 - 330242/110) is divided by 8?
5
Calculate the remainder when 558 is divided by 4130/(-885) + (-140)/(-3).
12
Suppose 3*k + 2*w = 32, 6*w - 3*w = -k - 1. Let u(m) = -m**3 + 15*m**2 + 21*m - 76. What is the remainder when 6/(-21) + 186/k is divided by u(16)?
1
Let x = 25763 - 25181. Calculate the remainder when x is divided by 115.
7
Calculate the remainder when (39/(-3))/(2/(-56)) is divided by 132.
100
Let c = 28 - 15. Let g(v) = -v**3 + 7*v**2 - v + 12. Let q be g(5). Suppose -d = 4*a + 3*d - 132, a - 5*d = q. What is the remainder when a is divided by c?
11
Let u be 52/(-234) + 34/(-36)*4. Let y be 14 + (1/(-2))/((-1)/u). Suppose 180 = y*z - 2*z. Calculate the remainder when 34 is divided by z.
16
What is the remainder when (172/14)/(112/5096) is divided by 33?
31
Let a be 19/(-114) - 1411/(-6). Suppose -5*x = -4*x + a. Let w = x + 394. Calculate the remainder when w is divided by 20.
19
What is the remainder when 8 - 273/26 - 1698/(-4) is divided by 46?
8
Let u(j) = 6*j**3 + j**2 - j - 1. Let b be u(-1). Let t = 28 + -19. Calculate the remainder when (0 + (-4 - b))*18 is divided by t.
0
Let u = -2121 + 2527. Calculate the remainder when u is divided by 41.
37
Let j be (0 + -1 - 4)/(-1 - 0). Suppose -5*c = -j*m - 540, 0 = -3*c + c + 4*m + 218. What is the remainder when c is divided by 10?
7
Let m(p) be the third derivative of p**4 + p**3/6 - 2*p**2. Let n = -924 + 925. Calculate the remainder when m(n) is divided by 7.
4
Let y(l) = -l + 3. Let g be y(-3). Suppose 2*x + 30 = 2*f - 3*x, -3*x = 0. Let z = f + g. What is the remainder when 80 is divided by z?
17
Suppose -3*o = 2*n - 36, -2*n = 4*o - 9*o + 44. What is the remainder when 31 is divided by o?
1
Suppose 4*z = 2*h + 555 + 15, -h = 1. Suppose 245 = 9*w - z. Calculate the remainder when 213 is divided by w.
41
Let o(n) = -30*n + 1270. Calculate the remainder when o(-24) is divided by 11.
10
Suppose -12*k = -131 - 169. What is the remainder when 273 is divided by k*(-8)/(-24)*3?
23
Suppose 38*x - 14*x = -15*x + 1651572. Calculate the remainder when x is divided by 110.
108
Calculate the remainder when (345 + -1)*-10*45/(-600) is divided by 53.
46
Let f = 770 + -756. Suppose -3*j - 17 = -3*s + 4, 3*j + s + 1 = 0. Calculate the remainder when (27 - 1) + 1 + j is divided by f.
11
Suppose 121*o = 125*o - 268. Suppose -71*n + 132 = -o*n. Calculate the remainder when n is divided by 7.
5
Suppose 2173 = 3*s + 2170, -2*l + s = -55. Calculate the remainder when 97 is divided by l.
13
Let f(q) = -q**2 - 8*q + 50. Let o be -7 - (-1 - (5 - 9)). Let s = 21 - 10. Calculate the remainder when f(o) is divided by s.
8
Suppose 0 = 6*v - 354 - 390. Calculate the remainder when v is divided by 71.
53
Suppose -3*p = -2*q + 1006, 47*q - 4*p - 518 = 46*q. What is the remainder when q is divided by 129?
107
Calculate the remainder when 177 is divided by (-649)/(-13) + 139/1807.
27
Let u = -957 - -959. Let r(b) = -4 + b**3 + 1 + 2*b**3 + 3*b**2. Calculate the remainder when 61 is divided by r(u).
28
Let s(v) = 2*v**3 + 55*v**2 + 38*v + 397. What is the remainder when 2797 is divided by s(-27)?
97
Let c(z) = -z**2 + 18*z + 60. Let u be c(19). Let a = 45 - u. Suppose -i + 3*i = s + 28, 0 = -i - 2*s + a. What is the remainder when 46 is divided by i?
10
What is the remainder when (-11 - 4596/(-84))*7 is divided by 77?
75
Suppose l - 12 - 1014 = 5*d, 2*d - 2 = 0. Calculate the remainder when l is divided by 11.
8
What is the remainder when 479 is divided by (1/(-4))/(188/(-6016))?
7
Let m(l) be the first derivative of -l**4/4 + 5*l**3 - 4*l**2 - 10*l - 3. Calculate the remainder when m(14) is divided by -3 + (-3 + 25 - (1 + -1)).
17
Let t = -3